pose z - 3*k = 177, 4*k + 3 = -9. What is the hundreds digit of z?
1
Let k be 51/15 - 2/5. Suppose -k*b + 5*b - 38 = 0. What is the units digit of b?
9
Suppose 0 = j - a + 4, 5*j - a - 2*a + 12 = 0. What is the units digit of 22/(-4)*(-6 + j)?
3
Suppose 0 = p + 5*h + 1, 0 = -4*h - 8. Let x = p + -4. What is the units digit of x?
5
Let b(l) = 4*l**3 - l**2 + l - 1. Let c be b(1). Suppose 0 = c*a - 6, -y + 5*a + 75 = 4*y. What is the units digit of y?
7
Let l = 2 - -3. What is the units digit of 0 - (-18)/(l - 2)?
6
Let c(j) = -17*j - 2 - 4 + 5. Let t be c(-4). Suppose 0 = 3*p + 16 - t. What is the tens digit of p?
1
What is the units digit of 29 - (1 - (0 + -2))?
6
Let r be (-2)/10 + (-11)/(-5). Let i be r/(-3) - (-285)/9. Suppose 3*t - 2*p = i, -p + 40 = 4*t - 4*p. What is the tens digit of t?
1
Let t(i) = -i + 8. Suppose 0 = -3*o + 2*o - 6. What is the units digit of t(o)?
4
Let c = 3 + -3. Let x = c + 3. Suppose 15 + 11 = 4*z - 5*g, x*z = 5*g + 22. What is the units digit of z?
4
Let z = 4 - 14. Let l be z - ((4 - 2) + -3). What is the units digit of 56/9 + 2/l?
6
Let t = 37 + -21. What is the tens digit of t?
1
Let r = -134 - -184. What is the tens digit of r?
5
Let x = 203 + -51. What is the tens digit of x?
5
What is the units digit of (0 + 1)/(2 - (-372)/(-188))?
7
Let m = -28 - -8. Let f be (-332)/m - (-4)/10. Suppose 3*b - 4*u - f = 11, -b + 4*u = -12. What is the units digit of b?
8
Let z(t) = -t + 4. Let a(y) = y - 4. Let c(h) = -6*a(h) - 5*z(h). Let k = -2 - -2. What is the units digit of c(k)?
4
Let x = -17 - -11. Let s = -1 - x. Let n(b) = -b + 7. What is the units digit of n(s)?
2
Let o be (0 + 0)/(1 + 1). Suppose 12 = f + h, -5*f = -o*h + 4*h - 55. What is the units digit of f?
7
Let y(d) = d**2 - d - 4. Let x be y(3). Let g(z) = 4*z**x + z + 0*z - 2*z**2. What is the units digit of g(1)?
3
Suppose 3*x + 2*d - 130 = 3*d, 0 = 4*d + 4. What is the tens digit of x?
4
What is the hundreds digit of (156/(-40)*-6)/(5/25)?
1
Suppose -6 - 29 = 5*w. Suppose 24 - 76 = -3*c - q, -4*c + 4*q + 64 = 0. Let m = w + c. What is the tens digit of m?
1
Suppose 9 = c + 24. Let u(h) = 12*h + 2. Let v be u(-2). Let n = c - v. What is the units digit of n?
7
Let z(b) = -b - 2*b**3 - b**2 + 0 + 3*b**3 + 2. What is the units digit of z(0)?
2
Let m be 3/(27/(-6))*-6. Let r(c) = 2 + 5*c - m + 3 - 4. What is the units digit of r(2)?
7
Let q = -8 + 10. Suppose 0 = -3*f + q*f + 6. What is the units digit of f?
6
Let g(v) = 6*v**2 - 4*v**2 + 3*v**2. Let m be g(1). Let c(l) = l - 4. What is the units digit of c(m)?
1
Suppose 0 = -2*n - 2*c - 0 + 6, 3*c + 40 = 4*n. Suppose 2*q + 1 = n. What is the units digit of q?
3
Suppose 7*q - 65 = 2*q. What is the tens digit of q?
1
Let j(o) be the first derivative of -o**3/3 + 9*o**2/2 - 7*o - 3. What is the units digit of j(6)?
1
Let p(u) = -u**2 + 4*u - 1. Let o be p(2). Let d(t) = t**2 - 10*t + 13. Let n be d(10). Suppose -o*x = -s - n, x - 3 = -5*s - 20. What is the units digit of x?
3
Suppose 3*u + u + 158 = 5*f, 5*u = 5*f - 160. What is the units digit of f?
0
Let b be (8/(-10))/(1/5). Let n(m) = m**3 + 7*m**2 - 2*m + 3. Let h be n(b). Suppose 5*p = h - 19. What is the units digit of p?
8
Suppose -4*g + 2*i = -56, 0 = -g - 3*i + 31 - 10. What is the tens digit of g?
1
Let r(z) = z**2 - 9*z - 7. Suppose -5 = f - 15. What is the units digit of r(f)?
3
Let t(b) = -4*b - 2. What is the units digit of t(-8)?
0
Let d be -3*1/((-9)/(-12)). Suppose 2*f - 3*m - 3 = 0, -m - 6 = -f - 2. Let k = f - d. What is the units digit of k?
3
Suppose -3*y + 18 = -0*y. Let g = 13 - y. What is the units digit of g?
7
Let j = -3 - -5. Suppose 2*w = -x + 10, -3*w + 11 = j. Let p = x - -3. What is the units digit of p?
7
Let j = 18 - 8. Suppose -35 = -3*v + j. What is the tens digit of v?
1
Suppose -51 = -3*a - p, 4*a + p = -p + 68. What is the tens digit of a?
1
Let s(n) = n + 3. Let t(u) = -4*u - 10. Let j(l) = 10*s(l) + 3*t(l). What is the units digit of j(-8)?
6
Suppose -5*c + 126 = -3*c. What is the tens digit of c?
6
What is the units digit of (2/12)/(1/(-3))*-12?
6
Let p = 95 + 1. What is the tens digit of p?
9
Suppose f - 24 = 3*f. Let q = 23 + f. What is the tens digit of q?
1
Let h(t) = -t**2 + t. Let q(y) = y**2 - 1. Let z(v) = h(v) + 2*q(v). Let m(r) be the first derivative of z(r). What is the units digit of m(3)?
7
What is the tens digit of 159 - (6/(-27) + (-68)/18)?
6
Let g(n) = -n**3 + 9*n**2 - 7*n - 8. Let f be (10/(-25))/(1/(-20)). Let r be g(f). Suppose u - 9 - 4 = r. What is the tens digit of u?
1
Suppose 0 = -5*t + 10 + 55. Suppose -t = -2*y + 57. What is the tens digit of y?
3
Let i = -11 + 94. Let r = i + -35. Suppose -18 = -0*o - 2*o - q, -5*o = q - r. What is the units digit of o?
0
Let d = 99 - 67. Suppose -b - b = -4*k + d, k + 20 = -3*b. Let t = -3 - b. What is the units digit of t?
5
Suppose -5*i - b + 45 = 0, 4*b - 62 = -4*i - 10. Suppose -f = f - i. Suppose -k + q = -8, f*q = -3*k - 0 + 52. What is the units digit of k?
2
Let f = -373 - -638. What is the tens digit of f?
6
Suppose 5*j = j + 76. Suppose 8*h - 36 = 3*h - x, 2*x + j = 3*h. What is the units digit of h?
7
Let y = -47 + 156. What is the hundreds digit of y?
1
Suppose 46 = b + 2*t - 98, -4*t + 596 = 4*b. What is the hundreds digit of b?
1
Let o(d) be the second derivative of d**4/12 - d**3/6 + d**2 - 3*d. What is the units digit of o(0)?
2
Let b(p) = -10*p**3 + p**2 + 3*p + 4. What is the tens digit of b(-2)?
8
What is the hundreds digit of (1 + -5)*(-95)/2?
1
What is the tens digit of 1361/7 - (-3)/(-7)?
9
Suppose -k = -w + 11, 2*w + w = 4*k + 43. Let h = k + 29. What is the tens digit of h?
1
Suppose 2*l - 37 = -11. What is the units digit of l?
3
Let k be 2 + -2 + 3 + -131. Let u = 182 + k. Let b = u - 36. What is the tens digit of b?
1
Suppose 0 = 2*f - 3*f + 175. What is the hundreds digit of f?
1
Suppose 5*v + 15 = 5*s, 3*v = -3*s - 0 + 3. What is the units digit of s?
2
Suppose 2*q + 26 = -a, 0*a + 2*a - 52 = 4*q. Let i = q + 8. Let s(c) = -2*c - 7. What is the units digit of s(i)?
3
Let r = -18 - -98. What is the units digit of r?
0
Suppose 2*z = 5*i - 379, -4*i + 5*z = -42 - 251. Suppose 5*o + 2*b = 98, -3*o = o + 3*b - i. What is the units digit of o?
0
Let v(f) be the second derivative of 2*f**3/3 - 3*f**2/2 - 2*f. Let h be v(2). Let a = h + -2. What is the units digit of a?
3
Suppose 4*v = -5*u + 23 + 20, 2*u - 16 = -v. What is the units digit of u?
7
What is the units digit of 3*(2 + (-56)/(-12)) + 3?
3
Suppose -4 + 19 = 3*u. Suppose -8 - 17 = -u*l. Suppose 0 = l*d + 3*c - 74, -2*d - 5*c + 28 = -d. What is the units digit of d?
3
Suppose 4*i = i. Suppose -c + i = -1. What is the units digit of (3/3)/(c/5)?
5
What is the tens digit of 13/((-455)/252)*(-15)/2?
5
Let y(m) = 3*m**3 - 5*m**2 + 2*m - 8. Let a(l) = -l**3 + l**2 + 1. Let s(g) = 4*a(g) + y(g). What is the units digit of s(-3)?
8
Let t(z) = z - 1. Let m be t(3). What is the units digit of m/(-8) + 91/28?
3
Let h be (5/1 - 0) + 1. What is the units digit of 3/h - (-1)/2?
1
Suppose 3*o - 56 = -2*j, 3*j + 3*o + 39 - 129 = 0. What is the units digit of j?
4
Let f = -52 + 55. What is the units digit of f?
3
Suppose 599 = 9*h - 31. What is the units digit of h?
0
Suppose -3*d + 7*d + 4*s - 216 = 0, -3*d + 5*s = -194. What is the units digit of d?
8
Let y = 47 + -27. What is the tens digit of y?
2
Let l(q) = -3 + 3*q - 1 - 4*q - 4 - 6*q**2 - q**3. What is the units digit of l(-7)?
8
Suppose 3*m - 3*g - 123 = 0, 5*g + 2 = m - 47. Suppose 14*v + m = 17*v. What is the tens digit of v?
1
Let j(f) = 11*f**2 - 3*f + 3. What is the units digit of j(-2)?
3
Suppose n = -5*g + 145, 0*n + 4*g + 318 = 2*n. What is the tens digit of n?
5
Suppose -13*f + 54 + 1701 = 0. What is the tens digit of f?
3
Let t = 143 + -83. What is the units digit of t?
0
Let p(c) = 181*c**3 - c**2 + 2*c - 1. What is the tens digit of p(1)?
8
Let d = -24 - -23. Let u(a) = -3*a - 2. What is the units digit of u(d)?
1
Suppose 4*q - 3*q = -4. Let v(a) = a**3 + 4*a**2 + 2*a + 4. Let r be v(q). What is the units digit of 9*(-5)/(30/r)?
6
Let c(d) = 24*d - 4. Let t(q) = 23*q - 4. Let r(l) = -5*c(l) + 6*t(l). What is the units digit of r(2)?
2
Let w(m) = m + 2*m**3 - 3*m**3 + m**2 + 0*m**2. Let y = -2 + 1. What is the units 